{"id":12701,"date":"2024-05-07T16:28:01","date_gmt":"2024-05-07T14:28:01","guid":{"rendered":"https:\/\/www.kufsteinermusikhaus.com\/store\/?post_type=product&#038;p=12701"},"modified":"2025-09-07T14:21:42","modified_gmt":"2025-09-07T12:21:42","slug":"suhr-riot-mini-2","status":"publish","type":"product","link":"https:\/\/www.kufsteinermusikhaus.com\/store\/produkt\/suhr-riot-mini-2\/","title":{"rendered":"Suhr Riot Mini"},"content":{"rendered":"<p><strong>Nun kommt der kleine Bruder des sehr beliebten Suhr Riot. <em>Gleich gut aber nur kleiner.<\/em><\/strong><\/p>\n<p>Heutzutage sind Pedalboard-Abmessungen besonders auf Reisen von gro\u00dfer Bedeutung. Und seien wir ehrlich, manchmal kann die Wahl, welche Pedale Sie von Ihrem Board weglassen m\u00f6chten, Ihre Vielseitigkeit wirklich einschr\u00e4nken.<\/p>\n<p>Nun nicht mehr, wir stellen den Riot Mini vor. Der Riot Mini hat die gesamte klassische Hi-Gain-DNA seines gr\u00f6\u00dferen Bruders geerbt, nur dass er jetzt in einem kleineren, kompakteren Pedalboard-freundlichen Design genutzt wird.<\/p>\n<p>&nbsp;<\/p>\n<p>Klein, aber m\u00e4chtig und stark ausgestattet mit Distortion-, Tone- und Level-Reglern, einem 2-Positionen-Voicing-Schalter, True Bypass, einer Ein-\/Aus-Effekt-Statusanzeige und untergebracht in einem stra\u00dfentauglichen Druckgussgeh\u00e4use f\u00fcr jahrelange zuverl\u00e4ssige Performance. Aufgebaut auf dem urspr\u00fcnglichen Riot . Oh, und haben wir erw\u00e4hnt, dass es \u00fcber jedes -9-V-DC-Netzteil mit Strom versorgt werden kann? Es kann.<\/p>\n<p>Verabschieden Sie sich von der Auswahl. F\u00fchlen Sie sich frei, ein weiteres hinzuzuf\u00fcgen, Your Pedal Board Just Got Bigger.<\/p>\n<h2>YOUR PEDAL BOARD JUST GOT BIGGER<\/h2>\n<p>Today, pedal board real estate comes at a premium especially when traveling. And let\u2019s face it, sometimes having to choose which pedals to leave off of your board can really limit your versatility.<\/p>\n<p>Well not anymore, introducing the Riot Mini. The Riot Mini has inherited all of the Classic Hi-Gain DNA of it\u2019s larger sibling, only now it\u2019s harnessed in a smaller more compact pedal board friendly design.<\/p>\n<h2>SMALL BUT MIGHTY<\/h2>\n<p>Small but mighty and heavily equipped with Distortion, Tone and Level Controls, a 2-Position Voicing switch, True Bypass, an On\/Off Effect Status Indicator and housed in a road-worthy power coated die-cast enclosure for years of reliable performance that the original Riot was built upon. Oh, and did we mention that it can be powered via any -9Vdc power supply? It can.<\/p>\n<p>Say goodbye to having to choose. Feel free to add one more, Your Pedal Board Just Got Bigger.<\/p>\n<p>Specs:<\/p>\n<ul>\n<li>Input Impedance: 1M Ohm<\/li>\n<li>Output Impedance: 600 Ohm<\/li>\n<li>Power Connector: Center Negative, 2.1mm x 5.5mm<\/li>\n<li>Operating voltage: 4V to 18V (nominal 9V) Maximum<\/li>\n<li>Voltage: 20 Vdc Reverse Battery Protection: Yes Over<\/li>\n<li>Voltage Protection: Yes<\/li>\n<li>Current Consumption: 8mA<\/li>\n<li>Dimensions: 1.82\u201d(W) x 3.85\u201d(D) x 1.89\u201d(H)<\/li>\n<li>Abmessungen:BXTXH : ca. 46,2mm x 97,79mm x 48mm<\/li>\n<li>Weight: 0.365lb = 183 g<\/li>\n<li>ROHS Compliant: Yes<\/li>\n<\/ul>\n","protected":false},"excerpt":{"rendered":"<p><strong>Wenn das Pedalboard zu klein wird !<\/strong><\/p>\n","protected":false},"featured_media":10992,"template":"","meta":{"_uag_custom_page_level_css":"","site-sidebar-layout":"default","site-content-layout":"","ast-site-content-layout":"default","site-content-style":"default","site-sidebar-style":"default","ast-global-header-display":"","ast-banner-title-visibility":"","ast-main-header-display":"","ast-hfb-above-header-display":"","ast-hfb-below-header-display":"","ast-hfb-mobile-header-display":"","site-post-title":"","ast-breadcrumbs-content":"","ast-featured-img":"","footer-sml-layout":"","ast-disable-related-posts":"","theme-transparent-header-meta":"default","adv-header-id-meta":"","stick-header-meta":"default","header-above-stick-meta":"","header-main-stick-meta":"","header-below-stick-meta":"","astra-migrate-meta-layouts":"set","ast-page-background-enabled":"default","ast-page-background-meta":{"desktop":{"background-color":"var(--ast-global-color-4)","background-image":"","background-repeat":"repeat","background-position":"center center","background-size":"auto","background-attachment":"scroll","background-type":"","background-media":"","overlay-type":"","overlay-color":"","overlay-opacity":"","overlay-gradient":""},"tablet":{"background-color":"","background-image":"","background-repeat":"repeat","background-position":"center center","background-size":"auto","background-attachment":"scroll","background-type":"","background-media":"","overlay-type":"","overlay-color":"","overlay-opacity":"","overlay-gradient":""},"mobile":{"background-color":"","background-image":"","background-repeat":"repeat","background-position":"center center","background-size":"auto","background-attachment":"scroll","background-type":"","background-media":"","overlay-type":"","overlay-color":"","overlay-opacity":"","overlay-gradient":""}},"ast-content-background-meta":{"desktop":{"background-color":"var(--ast-global-color-5)","background-image":"","background-repeat":"repeat","background-position":"center center","background-size":"auto","background-attachment":"scroll","background-type":"","background-media":"","overlay-type":"","overlay-color":"","overlay-opacity":"","overlay-gradient":""},"tablet":{"background-color":"var(--ast-global-color-5)","background-image":"","background-repeat":"repeat","background-position":"center center","background-size":"auto","background-attachment":"scroll","background-type":"","background-media":"","overlay-type":"","overlay-color":"","overlay-opacity":"","overlay-gradient":""},"mobile":{"background-color":"var(--ast-global-color-5)","background-image":"","background-repeat":"repeat","background-position":"center center","background-size":"auto","background-attachment":"scroll","background-type":"","background-media":"","overlay-type":"","overlay-color":"","overlay-opacity":"","overlay-gradient":""}}},"product_brand":[],"product_cat":[257,258],"product_tag":[],"class_list":{"0":"post-12701","1":"product","2":"type-product","3":"status-publish","4":"has-post-thumbnail","6":"product_cat-effektpedale","7":"product_cat-verzerrer","8":"product_shipping_class-laenge-bis-50cm","9":"desktop-align-center","10":"tablet-align-left","11":"mobile-align-left","12":"ast-product-gallery-layout-horizontal-slider","13":"ast-product-gallery-with-no-image","14":"ast-product-tabs-layout-accordion","16":"first","17":"outofstock","18":"taxable","19":"shipping-taxable","20":"purchasable","21":"product-type-simple"},"uagb_featured_image_src":{"full":["https:\/\/www.kufsteinermusikhaus.com\/store\/wp-content\/uploads\/2022\/11\/Suhr-riot.jpg",820,1024,false],"thumbnail":["https:\/\/www.kufsteinermusikhaus.com\/store\/wp-content\/uploads\/2022\/11\/Suhr-riot-120x150.jpg",120,150,true],"medium":["https:\/\/www.kufsteinermusikhaus.com\/store\/wp-content\/uploads\/2022\/11\/Suhr-riot-240x300.jpg",240,300,true],"medium_large":["https:\/\/www.kufsteinermusikhaus.com\/store\/wp-content\/uploads\/2022\/11\/Suhr-riot.jpg",820,1024,false],"large":["https:\/\/www.kufsteinermusikhaus.com\/store\/wp-content\/uploads\/2022\/11\/Suhr-riot.jpg",820,1024,false],"1536x1536":["https:\/\/www.kufsteinermusikhaus.com\/store\/wp-content\/uploads\/2022\/11\/Suhr-riot.jpg",820,1024,false],"2048x2048":["https:\/\/www.kufsteinermusikhaus.com\/store\/wp-content\/uploads\/2022\/11\/Suhr-riot.jpg",820,1024,false],"woocommerce_thumbnail":["https:\/\/www.kufsteinermusikhaus.com\/store\/wp-content\/uploads\/2022\/11\/Suhr-riot-250x312.jpg",250,312,true],"woocommerce_single":["https:\/\/www.kufsteinermusikhaus.com\/store\/wp-content\/uploads\/2022\/11\/Suhr-riot.jpg",820,1024,false],"woocommerce_gallery_thumbnail":["https:\/\/www.kufsteinermusikhaus.com\/store\/wp-content\/uploads\/2022\/11\/Suhr-riot-100x100.jpg",100,100,true]},"uagb_author_info":{"display_name":"wordpressadmin","author_link":"https:\/\/www.kufsteinermusikhaus.com\/store\/author\/"},"uagb_comment_info":0,"uagb_excerpt":"Wenn das Pedalboard zu klein wird !","_links":{"self":[{"href":"https:\/\/www.kufsteinermusikhaus.com\/store\/wp-json\/wp\/v2\/product\/12701","targetHints":{"allow":["GET"]}}],"collection":[{"href":"https:\/\/www.kufsteinermusikhaus.com\/store\/wp-json\/wp\/v2\/product"}],"about":[{"href":"https:\/\/www.kufsteinermusikhaus.com\/store\/wp-json\/wp\/v2\/types\/product"}],"wp:featuredmedia":[{"embeddable":true,"href":"https:\/\/www.kufsteinermusikhaus.com\/store\/wp-json\/wp\/v2\/media\/10992"}],"wp:attachment":[{"href":"https:\/\/www.kufsteinermusikhaus.com\/store\/wp-json\/wp\/v2\/media?parent=12701"}],"wp:term":[{"taxonomy":"product_brand","embeddable":true,"href":"https:\/\/www.kufsteinermusikhaus.com\/store\/wp-json\/wp\/v2\/product_brand?post=12701"},{"taxonomy":"product_cat","embeddable":true,"href":"https:\/\/www.kufsteinermusikhaus.com\/store\/wp-json\/wp\/v2\/product_cat?post=12701"},{"taxonomy":"product_tag","embeddable":true,"href":"https:\/\/www.kufsteinermusikhaus.com\/store\/wp-json\/wp\/v2\/product_tag?post=12701"}],"curies":[{"name":"wp","href":"https:\/\/api.w.org\/{rel}","templated":true}]}}