{"id":14029,"date":"2026-01-09T17:17:01","date_gmt":"2026-01-09T16:17:01","guid":{"rendered":"https:\/\/www.kufsteinermusikhaus.com\/store\/?post_type=product&#038;p=14029"},"modified":"2026-01-09T17:33:57","modified_gmt":"2026-01-09T16:33:57","slug":"duesenberg-starplayer-cbr-tobacco-burst-b-stock","status":"publish","type":"product","link":"https:\/\/www.kufsteinermusikhaus.com\/store\/produkt\/duesenberg-starplayer-cbr-tobacco-burst-b-stock\/","title":{"rendered":"Duesenberg Starplayer CBR Tobacco Burst B-Stock"},"content":{"rendered":"<h2 data-block-key=\"tqctj\"><b>\u00dcber die Starplayer CBR<\/b><\/h2>\n<h4 data-block-key=\"dv437\"><b>Unter Beibehaltung der \u00c4sthetik des ber\u00fchmten Starplayer-Designs bietet die Starplayer CBR durch einen gekammerten Mahagoni-Korpus, einen Ahorn-Hals und eine flache Ahorn-Decke einen neuen und einzigartigen Klangcharakter.<\/b><\/h4>\n<p data-block-key=\"pa87\">Sie ist mit unserem neu entwickelten Diamond Prestige Tremola mit elegantem Flatarm-Design sowie unserer neuen Flextone+ 5-Way-Verschaltung ausgestattet.<\/p>\n<p data-block-key=\"ef4cm\">Die Starplayer CBR ist in f\u00fcnf exklusiven Farben erh\u00e4ltlich, alle haben einen Transparent-Brown Korpus und eine elegant geflammte Ahorndecke.<\/p>\n<p data-block-key=\"cg6co\"><span style=\"color: #ff0000;\">Hier handelt es sich um eine<em><strong> B Ware<\/strong><\/em> mit wie auf dem Foto markiert minimalen Kratzer !<\/span><\/p>\n<p data-block-key=\"cg6co\"><strong><span style=\"color: #000000;\">Specs:<\/span><\/strong><\/p>\n<p>Hals (Neck)<\/p>\n<ul>\n<li>Set Neck, 1\u2011piece Maple<\/li>\n<li>Breite: 42.5 mm \/ 1.67&#8243; (Sattel), 52 mm \/ 2.05&#8243; (12. Bund)<\/li>\n<li>St\u00e4rke: 21 mm \/ 0.8&#8243; (1. Bund), 24 mm \/ 0.95&#8243; (12. Bund)<\/li>\n<li>Profil: Medium D<\/li>\n<li>Griffbrett: Indian Rosewood, Radius 305 mm \/ 12&#8243;, ohne Binding<\/li>\n<li>Inlays: Vintage Pearloid Dots<\/li>\n<li>B\u00fcnde: 22 Jumbo (2.8 x 1.0 mm)<\/li>\n<li>Mensur: 648 mm \/ 25.5&#8243;<\/li>\n<li>Trussrod: Stahl, Dual\u2011Action<\/li>\n<li>Kopfplatte: Rosewood\u2011Veneer<\/li>\n<\/ul>\n<p>Korpus (Body)<\/p>\n<ul>\n<li>Chambered Solidbody, Mahogany, mit f\u2011Hole<\/li>\n<li>Decke: Flamed Maple<\/li>\n<li>Ma\u00dfe: 46 \u00d7 34 cm \/ 18.11&#8243; \u00d7 13.38&#8243;<\/li>\n<li>Zargenh\u00f6he: 4.6 cm \/ 1.8&#8243;<\/li>\n<li>Binding: Cream, einlagig<\/li>\n<li>Pickguard: Black Custom (oder Silver Custom bei Catalina Green &amp; Vintage Orange)<\/li>\n<li>Finish: PUR\u2011Lack, R\u00fcckseite &amp; Zargen Transparent Brown<\/li>\n<\/ul>\n<p>Hardware<\/p>\n<ul>\n<li>Mechaniken: Duesenberg Z\u2011Tuners<\/li>\n<li>Steg: Duesenberg Steel Saddle Bridge<\/li>\n<li>Vibrato: Duesenberg Diamond Prestige Tremola (Flat Arm)<\/li>\n<li>Gurtpins: Duesenberg Standard (Straplock\u2011kompatibel)<\/li>\n<li>Hardware\u2011Finish: Nickel<\/li>\n<li>Saiten: Duesenberg Custom 10\/50 (010\u2011013\u2011017\u2011028\u2011042\u2011050)<\/li>\n<\/ul>\n<p>Elektronik<\/p>\n<ul>\n<li>Hals\u2011Pickup: Duesenberg Domino P90<\/li>\n<li>Steg\u2011Pickup: Duesenberg GrandVintage Humbucker<\/li>\n<li>Schaltung: 1 Volume, 1 Tone, 5\u2011Way Pickup Selector (\u201eFlextone +\u201c)<\/li>\n<\/ul>\n<p>Zubeh\u00f6r<\/p>\n<ul>\n<li>Case: Custom Line Case (inklusive)<\/li>\n<li>Werkzeuge: Alle ben\u00f6tigten Inbusschl\u00fcssel (inklusive)<\/li>\n<\/ul>\n<ul>\n<li><span style=\"color: #ff0000;\">\u201eAlle Produktfotos sind echte Originalaufnahmen \u2013 klar, ehrlich und genau das, was bei dir ankommt.\u201c<\/span><span style=\"color: #ff0000;\">\u201cAll product photos are real originals \u2014 clean, honest, and exactly what arrives at your door.\u201d<\/span><\/li>\n<\/ul>\n<p data-block-key=\"cg6co\">\n","protected":false},"excerpt":{"rendered":"<p>\u00dcber die Starplayer CBR Unter Beibehaltung der \u00c4sthetik des ber\u00fchmten Starplayer-Designs bietet die Starplayer CBR durch einen gekammerten Mahagoni-Korpus, einen Ahorn-Hals und eine flache Ahorn-Decke einen neuen und einzigartigen Klangcharakter. Sie ist mit unserem neu entwickelten Diamond Prestige Tremola mit elegantem Flatarm-Design sowie unserer neuen Flextone+ 5-Way-Verschaltung ausgestattet. Die Starplayer CBR ist in f\u00fcnf exklusiven [&hellip;]<\/p>\n","protected":false},"featured_media":14037,"template":"","meta":{"_uag_custom_page_level_css":"","site-sidebar-layout":"default","site-content-layout":"","ast-site-content-layout":"default","site-content-style":"default","site-sidebar-style":"default","ast-global-header-display":"","ast-banner-title-visibility":"","ast-main-header-display":"","ast-hfb-above-header-display":"","ast-hfb-below-header-display":"","ast-hfb-mobile-header-display":"","site-post-title":"","ast-breadcrumbs-content":"","ast-featured-img":"","footer-sml-layout":"","ast-disable-related-posts":"","theme-transparent-header-meta":"default","adv-header-id-meta":"","stick-header-meta":"default","header-above-stick-meta":"","header-main-stick-meta":"","header-below-stick-meta":"","astra-migrate-meta-layouts":"set","ast-page-background-enabled":"default","ast-page-background-meta":{"desktop":{"background-color":"var(--ast-global-color-4)","background-image":"","background-repeat":"repeat","background-position":"center center","background-size":"auto","background-attachment":"scroll","background-type":"","background-media":"","overlay-type":"","overlay-color":"","overlay-opacity":"","overlay-gradient":""},"tablet":{"background-color":"","background-image":"","background-repeat":"repeat","background-position":"center center","background-size":"auto","background-attachment":"scroll","background-type":"","background-media":"","overlay-type":"","overlay-color":"","overlay-opacity":"","overlay-gradient":""},"mobile":{"background-color":"","background-image":"","background-repeat":"repeat","background-position":"center center","background-size":"auto","background-attachment":"scroll","background-type":"","background-media":"","overlay-type":"","overlay-color":"","overlay-opacity":"","overlay-gradient":""}},"ast-content-background-meta":{"desktop":{"background-color":"var(--ast-global-color-5)","background-image":"","background-repeat":"repeat","background-position":"center center","background-size":"auto","background-attachment":"scroll","background-type":"","background-media":"","overlay-type":"","overlay-color":"","overlay-opacity":"","overlay-gradient":""},"tablet":{"background-color":"var(--ast-global-color-5)","background-image":"","background-repeat":"repeat","background-position":"center center","background-size":"auto","background-attachment":"scroll","background-type":"","background-media":"","overlay-type":"","overlay-color":"","overlay-opacity":"","overlay-gradient":""},"mobile":{"background-color":"var(--ast-global-color-5)","background-image":"","background-repeat":"repeat","background-position":"center center","background-size":"auto","background-attachment":"scroll","background-type":"","background-media":"","overlay-type":"","overlay-color":"","overlay-opacity":"","overlay-gradient":""}}},"product_brand":[],"product_cat":[81,80],"product_tag":[],"class_list":{"0":"post-14029","1":"product","2":"type-product","3":"status-publish","4":"has-post-thumbnail","6":"product_cat-duesenberg","7":"product_cat-e-gitarre","8":"product_shipping_class-laenge-ueber-100cm","9":"desktop-align-center","10":"tablet-align-left","11":"mobile-align-left","12":"ast-product-gallery-layout-horizontal-slider","13":"ast-product-tabs-layout-accordion","15":"first","16":"instock","17":"sale","18":"taxable","19":"shipping-taxable","20":"purchasable","21":"product-type-simple"},"uagb_featured_image_src":{"full":["https:\/\/www.kufsteinermusikhaus.com\/store\/wp-content\/uploads\/2026\/01\/Duesenberg-Starplayer-CBR-SB1shop2.jpg",562,1000,false],"thumbnail":["https:\/\/www.kufsteinermusikhaus.com\/store\/wp-content\/uploads\/2026\/01\/Duesenberg-Starplayer-CBR-SB1shop2-84x150.jpg",84,150,true],"medium":["https:\/\/www.kufsteinermusikhaus.com\/store\/wp-content\/uploads\/2026\/01\/Duesenberg-Starplayer-CBR-SB1shop2-169x300.jpg",169,300,true],"medium_large":["https:\/\/www.kufsteinermusikhaus.com\/store\/wp-content\/uploads\/2026\/01\/Duesenberg-Starplayer-CBR-SB1shop2.jpg",562,1000,false],"large":["https:\/\/www.kufsteinermusikhaus.com\/store\/wp-content\/uploads\/2026\/01\/Duesenberg-Starplayer-CBR-SB1shop2.jpg",562,1000,false],"1536x1536":["https:\/\/www.kufsteinermusikhaus.com\/store\/wp-content\/uploads\/2026\/01\/Duesenberg-Starplayer-CBR-SB1shop2.jpg",562,1000,false],"2048x2048":["https:\/\/www.kufsteinermusikhaus.com\/store\/wp-content\/uploads\/2026\/01\/Duesenberg-Starplayer-CBR-SB1shop2.jpg",562,1000,false],"woocommerce_thumbnail":["https:\/\/www.kufsteinermusikhaus.com\/store\/wp-content\/uploads\/2026\/01\/Duesenberg-Starplayer-CBR-SB1shop2-250x445.jpg",250,445,true],"woocommerce_single":["https:\/\/www.kufsteinermusikhaus.com\/store\/wp-content\/uploads\/2026\/01\/Duesenberg-Starplayer-CBR-SB1shop2.jpg",562,1000,false],"woocommerce_gallery_thumbnail":["https:\/\/www.kufsteinermusikhaus.com\/store\/wp-content\/uploads\/2026\/01\/Duesenberg-Starplayer-CBR-SB1shop2-100x100.jpg",100,100,true]},"uagb_author_info":{"display_name":"wordpressadmin","author_link":"https:\/\/www.kufsteinermusikhaus.com\/store\/author\/"},"uagb_comment_info":0,"uagb_excerpt":"\u00dcber die Starplayer CBR Unter Beibehaltung der \u00c4sthetik des ber\u00fchmten Starplayer-Designs bietet die Starplayer CBR durch einen gekammerten Mahagoni-Korpus, einen Ahorn-Hals und eine flache Ahorn-Decke einen neuen und einzigartigen Klangcharakter. Sie ist mit unserem neu entwickelten Diamond Prestige Tremola mit elegantem Flatarm-Design sowie unserer neuen Flextone+ 5-Way-Verschaltung ausgestattet. Die Starplayer CBR ist in f\u00fcnf exklusiven&hellip;","_links":{"self":[{"href":"https:\/\/www.kufsteinermusikhaus.com\/store\/wp-json\/wp\/v2\/product\/14029","targetHints":{"allow":["GET"]}}],"collection":[{"href":"https:\/\/www.kufsteinermusikhaus.com\/store\/wp-json\/wp\/v2\/product"}],"about":[{"href":"https:\/\/www.kufsteinermusikhaus.com\/store\/wp-json\/wp\/v2\/types\/product"}],"wp:featuredmedia":[{"embeddable":true,"href":"https:\/\/www.kufsteinermusikhaus.com\/store\/wp-json\/wp\/v2\/media\/14037"}],"wp:attachment":[{"href":"https:\/\/www.kufsteinermusikhaus.com\/store\/wp-json\/wp\/v2\/media?parent=14029"}],"wp:term":[{"taxonomy":"product_brand","embeddable":true,"href":"https:\/\/www.kufsteinermusikhaus.com\/store\/wp-json\/wp\/v2\/product_brand?post=14029"},{"taxonomy":"product_cat","embeddable":true,"href":"https:\/\/www.kufsteinermusikhaus.com\/store\/wp-json\/wp\/v2\/product_cat?post=14029"},{"taxonomy":"product_tag","embeddable":true,"href":"https:\/\/www.kufsteinermusikhaus.com\/store\/wp-json\/wp\/v2\/product_tag?post=14029"}],"curies":[{"name":"wp","href":"https:\/\/api.w.org\/{rel}","templated":true}]}}