{"id":8532,"date":"2020-05-14T13:24:51","date_gmt":"2020-05-14T13:24:51","guid":{"rendered":"https:\/\/www.kufsteinermusikhaus.com\/store\/?post_type=product&#038;p=8532"},"modified":"2020-12-11T17:41:43","modified_gmt":"2020-12-11T17:41:43","slug":"lewitt-mtp-440-dm","status":"publish","type":"product","link":"https:\/\/www.kufsteinermusikhaus.com\/store\/produkt\/lewitt-mtp-440-dm\/","title":{"rendered":"Lewitt MTP 440 DM"},"content":{"rendered":"<div class=\"page\" data-page-number=\"1\" data-loaded=\"true\">\n<div class=\"textLayer\">Charaktervoller und durchsetzungsf\u00e4higer KlangDas MTP 440 DM ist ein pr\u00e4zisionsgefertigtes Instrumentenmikrofon mit Nierencharakteristik. Der ma\u00dfgeschneiderte Frequenzgang liefert lebendigen Klang f\u00fcr deine Snare, Verst\u00e4rker und Blasinstrumente.Snare mit Punch und Pr\u00e4zisionStelle dich auf gro\u00dfartige Ergebnisse bei Snareaufnahmen ein. Der Klang des MTP 440 DM setzt sich in jedem Mix angenehm durch \u2013live und im Studio. Definiert und DruckvollDie leichte Bassabsenkung gew\u00e4hrleistet, dass das Klangbild deines Verst\u00e4rkers anDefinition beh\u00e4lt, was besonders bei tiefergestimmten, moderneren Gitarrensounds ein Vorteil ist.Das MTP 440 DM bildet die gr\u00f6lendenMitten und knackigenHochfrequenzen deines Verst\u00e4rkers eindrucksvoll und durchsetzungsf\u00e4hig ab, ohne dabei scharf oder aufdringlich zu klingen.<\/div>\n<div class=\"annotationLayer\"><\/div>\n<\/div>\n<div class=\"page\" data-page-number=\"2\" data-loaded=\"true\">\n<div class=\"canvasWrapper\"><\/div>\n<div class=\"textLayer\">Auf hohe Schalldr\u00fccke ausgelegtBlasinstrumente k\u00f6nnen sehr hohe Schalldr\u00fccke produzieren. Das MTP 440 DM ist die perfekte Wahl f\u00fcr alle Musiker und Tontechniker, die nach einem detailreichen, unkomplizierten Mikrofon f\u00fcr Blasinstrumentaufnahmen suchen.R\u00fcckkopplungssicher und robust gebautDie Nierencharakteristik isoliert r\u00fcckw\u00e4rtig einfallenden Schall und macht hohe Verst\u00e4rkung des Signals m\u00f6glich. Die hochwertigen verwendeten Komponenten, der durchsetzungsf\u00e4hige, moderne Klangund die \u00e4u\u00dfert robuste Konstruktion machen dieses Mikrofon zu einer Bereicherung f\u00fcr jede Mikrofonsammlung.Designed und entwickelt in Wien, \u00d6sterreichWie alle Mikrofone von LEWITT wurde das MTP 440 DMin \u00d6sterreich designed und entwickelt.<\/div>\n<div><\/div>\n<div class=\"textLayer\">Spezifikationen<\/div>\n<div><\/div>\n<div class=\"textLayer\">\u2022Dynamisches Instrumentenmikrofon\u2022F\u00fcr Snare, Verst\u00e4rker und Windinstrumente\u2022Leicht Bassabsenkung und Pr\u00e4senzanhebung\u2022Nierencharakteristik \u2022\u00dcbertragungsbereich: 60&#8230; 16,000 Hz\u2022Empfindlichkeit: 2.5mV\/Pa, -52dBV\/Pa\u2022Goldbeschichteter XLR Anschluss\u2022Inkl. Mikrofonhalterung,Transporttasche<\/div>\n<\/div>\n","protected":false},"excerpt":{"rendered":"<p>Dynamisches Instrumentenmikrofon mit Nierencharakteristik \u2013perfekter Klang f\u00fcr Snare-und Gitarrenverst\u00e4rkerabbildungen<\/p>\n","protected":false},"featured_media":8534,"template":"","meta":{"_uag_custom_page_level_css":"","site-sidebar-layout":"default","site-content-layout":"","ast-site-content-layout":"default","site-content-style":"default","site-sidebar-style":"default","ast-global-header-display":"","ast-banner-title-visibility":"","ast-main-header-display":"","ast-hfb-above-header-display":"","ast-hfb-below-header-display":"","ast-hfb-mobile-header-display":"","site-post-title":"","ast-breadcrumbs-content":"","ast-featured-img":"","footer-sml-layout":"","ast-disable-related-posts":"","theme-transparent-header-meta":"","adv-header-id-meta":"","stick-header-meta":"","header-above-stick-meta":"","header-main-stick-meta":"","header-below-stick-meta":"","astra-migrate-meta-layouts":"default","ast-page-background-enabled":"default","ast-page-background-meta":{"desktop":{"background-color":"var(--ast-global-color-4)","background-image":"","background-repeat":"repeat","background-position":"center center","background-size":"auto","background-attachment":"scroll","background-type":"","background-media":"","overlay-type":"","overlay-color":"","overlay-opacity":"","overlay-gradient":""},"tablet":{"background-color":"","background-image":"","background-repeat":"repeat","background-position":"center center","background-size":"auto","background-attachment":"scroll","background-type":"","background-media":"","overlay-type":"","overlay-color":"","overlay-opacity":"","overlay-gradient":""},"mobile":{"background-color":"","background-image":"","background-repeat":"repeat","background-position":"center center","background-size":"auto","background-attachment":"scroll","background-type":"","background-media":"","overlay-type":"","overlay-color":"","overlay-opacity":"","overlay-gradient":""}},"ast-content-background-meta":{"desktop":{"background-color":"var(--ast-global-color-5)","background-image":"","background-repeat":"repeat","background-position":"center center","background-size":"auto","background-attachment":"scroll","background-type":"","background-media":"","overlay-type":"","overlay-color":"","overlay-opacity":"","overlay-gradient":""},"tablet":{"background-color":"var(--ast-global-color-5)","background-image":"","background-repeat":"repeat","background-position":"center center","background-size":"auto","background-attachment":"scroll","background-type":"","background-media":"","overlay-type":"","overlay-color":"","overlay-opacity":"","overlay-gradient":""},"mobile":{"background-color":"var(--ast-global-color-5)","background-image":"","background-repeat":"repeat","background-position":"center center","background-size":"auto","background-attachment":"scroll","background-type":"","background-media":"","overlay-type":"","overlay-color":"","overlay-opacity":"","overlay-gradient":""}}},"product_brand":[],"product_cat":[108,131,130],"product_tag":[],"class_list":{"0":"post-8532","1":"product","2":"type-product","3":"status-publish","4":"has-post-thumbnail","6":"product_cat-unkategorisiert","7":"product_cat-levit","8":"product_cat-mikrofone-kopfhoerer","9":"desktop-align-center","10":"tablet-align-left","11":"mobile-align-left","12":"ast-product-gallery-layout-horizontal-slider","13":"ast-product-tabs-layout-accordion","15":"first","16":"instock","17":"taxable","18":"shipping-taxable","19":"purchasable","20":"product-type-simple"},"uagb_featured_image_src":{"full":["https:\/\/www.kufsteinermusikhaus.com\/store\/wp-content\/uploads\/2020\/05\/lewitMTP-440-DMA.jpg",535,800,false],"thumbnail":["https:\/\/www.kufsteinermusikhaus.com\/store\/wp-content\/uploads\/2020\/05\/lewitMTP-440-DMA-100x150.jpg",100,150,true],"medium":["https:\/\/www.kufsteinermusikhaus.com\/store\/wp-content\/uploads\/2020\/05\/lewitMTP-440-DMA-201x300.jpg",201,300,true],"medium_large":["https:\/\/www.kufsteinermusikhaus.com\/store\/wp-content\/uploads\/2020\/05\/lewitMTP-440-DMA.jpg",535,800,false],"large":["https:\/\/www.kufsteinermusikhaus.com\/store\/wp-content\/uploads\/2020\/05\/lewitMTP-440-DMA.jpg",535,800,false],"1536x1536":["https:\/\/www.kufsteinermusikhaus.com\/store\/wp-content\/uploads\/2020\/05\/lewitMTP-440-DMA.jpg",535,800,false],"2048x2048":["https:\/\/www.kufsteinermusikhaus.com\/store\/wp-content\/uploads\/2020\/05\/lewitMTP-440-DMA.jpg",535,800,false],"woocommerce_thumbnail":["https:\/\/www.kufsteinermusikhaus.com\/store\/wp-content\/uploads\/2020\/05\/lewitMTP-440-DMA-250x374.jpg",250,374,true],"woocommerce_single":["https:\/\/www.kufsteinermusikhaus.com\/store\/wp-content\/uploads\/2020\/05\/lewitMTP-440-DMA.jpg",535,800,false],"woocommerce_gallery_thumbnail":["https:\/\/www.kufsteinermusikhaus.com\/store\/wp-content\/uploads\/2020\/05\/lewitMTP-440-DMA-100x100.jpg",100,100,true]},"uagb_author_info":{"display_name":"wordpressadmin","author_link":"https:\/\/www.kufsteinermusikhaus.com\/store\/author\/"},"uagb_comment_info":0,"uagb_excerpt":"Dynamisches Instrumentenmikrofon mit Nierencharakteristik \u2013perfekter Klang f\u00fcr Snare-und Gitarrenverst\u00e4rkerabbildungen","_links":{"self":[{"href":"https:\/\/www.kufsteinermusikhaus.com\/store\/wp-json\/wp\/v2\/product\/8532","targetHints":{"allow":["GET"]}}],"collection":[{"href":"https:\/\/www.kufsteinermusikhaus.com\/store\/wp-json\/wp\/v2\/product"}],"about":[{"href":"https:\/\/www.kufsteinermusikhaus.com\/store\/wp-json\/wp\/v2\/types\/product"}],"wp:featuredmedia":[{"embeddable":true,"href":"https:\/\/www.kufsteinermusikhaus.com\/store\/wp-json\/wp\/v2\/media\/8534"}],"wp:attachment":[{"href":"https:\/\/www.kufsteinermusikhaus.com\/store\/wp-json\/wp\/v2\/media?parent=8532"}],"wp:term":[{"taxonomy":"product_brand","embeddable":true,"href":"https:\/\/www.kufsteinermusikhaus.com\/store\/wp-json\/wp\/v2\/product_brand?post=8532"},{"taxonomy":"product_cat","embeddable":true,"href":"https:\/\/www.kufsteinermusikhaus.com\/store\/wp-json\/wp\/v2\/product_cat?post=8532"},{"taxonomy":"product_tag","embeddable":true,"href":"https:\/\/www.kufsteinermusikhaus.com\/store\/wp-json\/wp\/v2\/product_tag?post=8532"}],"curies":[{"name":"wp","href":"https:\/\/api.w.org\/{rel}","templated":true}]}}