{"id":8717,"date":"2020-08-06T13:57:02","date_gmt":"2020-08-06T13:57:02","guid":{"rendered":"https:\/\/www.kufsteinermusikhaus.com\/store\/?post_type=product&#038;p=8717"},"modified":"2025-11-02T16:19:25","modified_gmt":"2025-11-02T15:19:25","slug":"cajon-medina-eco","status":"publish","type":"product","link":"https:\/\/www.kufsteinermusikhaus.com\/store\/produkt\/cajon-medina-eco\/","title":{"rendered":"Cajon Medina Eco"},"content":{"rendered":"<p>CHASSIS:<br \/>\nRecycelte Kiefer aus Chile, mit &#8220;Finger-Joint&#8221;-System (12 mm). Ohne Lack, mit nat\u00fcrlichen Harzen und \u00d6len bearbeitet. Siebdruck mit \u00f6kologischen Farben auf Wasserbasis.<br \/>\nSCHLAGFL\u00c4CHE:<br \/>\nRussische Birke (3 mm). Mit nat\u00fcrlichen Harzen und \u00d6len behandelt.<br \/>\nSTIMM-SYSTEM:<br \/>\nD.T.S. (=Direkt-Stimm-System) &#8211; 4 parallel und vertikal positionierte Gitarrensaiten, von aussen am Cajon stimmbar, ohne Hilfswerkzeuge.<br \/>\nABMESSUNGEN: 48 cm hoch x 30 cm breit x 32 cm tief<\/p>\n","protected":false},"excerpt":{"rendered":"<p>Wieso nicht zur (Wieder-)Aufforstung beitragen? Aus robusten, recycelten Holzplatten aus chilenischer Kiefer gefertigt. Ein qualitativ sehr gutes Holz mit fabelhaften Eigenschaften gegen Risse und Zugbelastungen. Die Holzplatten werden mit dem &#8220;Finger-Joint&#8221;-System gefertigt, das ihnen eine Strukturstarrheit verleiht, die sogar herk\u00f6mmlichen Sperrholzplatten \u00fcberlegen ist. Das Ergebnis ist das &#8220;ideale und utopische&#8221; Cajon aus robustem &#8220;Massivholz&#8221;, welcher in Wirklichkeit nicht hergestellt werden k\u00f6nnte, da dieser im Laufe der Zeit anf\u00e4llig f\u00fcr Risse ist.<\/p>\n","protected":false},"featured_media":8719,"template":"","meta":{"_uag_custom_page_level_css":"","site-sidebar-layout":"default","site-content-layout":"","ast-site-content-layout":"default","site-content-style":"default","site-sidebar-style":"default","ast-global-header-display":"","ast-banner-title-visibility":"","ast-main-header-display":"","ast-hfb-above-header-display":"","ast-hfb-below-header-display":"","ast-hfb-mobile-header-display":"","site-post-title":"","ast-breadcrumbs-content":"","ast-featured-img":"","footer-sml-layout":"","ast-disable-related-posts":"","theme-transparent-header-meta":"","adv-header-id-meta":"","stick-header-meta":"","header-above-stick-meta":"","header-main-stick-meta":"","header-below-stick-meta":"","astra-migrate-meta-layouts":"default","ast-page-background-enabled":"default","ast-page-background-meta":{"desktop":{"background-color":"var(--ast-global-color-4)","background-image":"","background-repeat":"repeat","background-position":"center center","background-size":"auto","background-attachment":"scroll","background-type":"","background-media":"","overlay-type":"","overlay-color":"","overlay-opacity":"","overlay-gradient":""},"tablet":{"background-color":"","background-image":"","background-repeat":"repeat","background-position":"center center","background-size":"auto","background-attachment":"scroll","background-type":"","background-media":"","overlay-type":"","overlay-color":"","overlay-opacity":"","overlay-gradient":""},"mobile":{"background-color":"","background-image":"","background-repeat":"repeat","background-position":"center center","background-size":"auto","background-attachment":"scroll","background-type":"","background-media":"","overlay-type":"","overlay-color":"","overlay-opacity":"","overlay-gradient":""}},"ast-content-background-meta":{"desktop":{"background-color":"var(--ast-global-color-5)","background-image":"","background-repeat":"repeat","background-position":"center center","background-size":"auto","background-attachment":"scroll","background-type":"","background-media":"","overlay-type":"","overlay-color":"","overlay-opacity":"","overlay-gradient":""},"tablet":{"background-color":"var(--ast-global-color-5)","background-image":"","background-repeat":"repeat","background-position":"center center","background-size":"auto","background-attachment":"scroll","background-type":"","background-media":"","overlay-type":"","overlay-color":"","overlay-opacity":"","overlay-gradient":""},"mobile":{"background-color":"var(--ast-global-color-5)","background-image":"","background-repeat":"repeat","background-position":"center center","background-size":"auto","background-attachment":"scroll","background-type":"","background-media":"","overlay-type":"","overlay-color":"","overlay-opacity":"","overlay-gradient":""}}},"product_brand":[],"product_cat":[132],"product_tag":[],"class_list":{"0":"post-8717","1":"product","2":"type-product","3":"status-publish","4":"has-post-thumbnail","6":"product_cat-cachon","7":"product_shipping_class-laenge-bis-100cm","8":"desktop-align-center","9":"tablet-align-left","10":"mobile-align-left","11":"ast-product-gallery-layout-horizontal-slider","12":"ast-product-tabs-layout-accordion","14":"first","15":"instock","16":"sold-individually","17":"taxable","18":"shipping-taxable","19":"purchasable","20":"product-type-simple"},"uagb_featured_image_src":{"full":["https:\/\/www.kufsteinermusikhaus.com\/store\/wp-content\/uploads\/2020\/08\/medina-ecoMEDINA-ECO_TRAS.png",699,800,false],"thumbnail":["https:\/\/www.kufsteinermusikhaus.com\/store\/wp-content\/uploads\/2020\/08\/medina-ecoMEDINA-ECO_TRAS-131x150.png",131,150,true],"medium":["https:\/\/www.kufsteinermusikhaus.com\/store\/wp-content\/uploads\/2020\/08\/medina-ecoMEDINA-ECO_TRAS-262x300.png",262,300,true],"medium_large":["https:\/\/www.kufsteinermusikhaus.com\/store\/wp-content\/uploads\/2020\/08\/medina-ecoMEDINA-ECO_TRAS.png",699,800,false],"large":["https:\/\/www.kufsteinermusikhaus.com\/store\/wp-content\/uploads\/2020\/08\/medina-ecoMEDINA-ECO_TRAS.png",699,800,false],"1536x1536":["https:\/\/www.kufsteinermusikhaus.com\/store\/wp-content\/uploads\/2020\/08\/medina-ecoMEDINA-ECO_TRAS.png",699,800,false],"2048x2048":["https:\/\/www.kufsteinermusikhaus.com\/store\/wp-content\/uploads\/2020\/08\/medina-ecoMEDINA-ECO_TRAS.png",699,800,false],"woocommerce_thumbnail":["https:\/\/www.kufsteinermusikhaus.com\/store\/wp-content\/uploads\/2020\/08\/medina-ecoMEDINA-ECO_TRAS-250x286.png",250,286,true],"woocommerce_single":["https:\/\/www.kufsteinermusikhaus.com\/store\/wp-content\/uploads\/2020\/08\/medina-ecoMEDINA-ECO_TRAS.png",699,800,false],"woocommerce_gallery_thumbnail":["https:\/\/www.kufsteinermusikhaus.com\/store\/wp-content\/uploads\/2020\/08\/medina-ecoMEDINA-ECO_TRAS-100x100.png",100,100,true]},"uagb_author_info":{"display_name":"wordpressadmin","author_link":"https:\/\/www.kufsteinermusikhaus.com\/store\/author\/"},"uagb_comment_info":0,"uagb_excerpt":"Wieso nicht zur (Wieder-)Aufforstung beitragen? Aus robusten, recycelten Holzplatten aus chilenischer Kiefer gefertigt. Ein qualitativ sehr gutes Holz mit fabelhaften Eigenschaften gegen Risse und Zugbelastungen. Die Holzplatten werden mit dem \"Finger-Joint\"-System gefertigt, das ihnen eine Strukturstarrheit verleiht, die sogar herk\u00f6mmlichen Sperrholzplatten \u00fcberlegen ist. Das Ergebnis ist das \"ideale und utopische\" Cajon aus robustem \"Massivholz\", welcher&hellip;","_links":{"self":[{"href":"https:\/\/www.kufsteinermusikhaus.com\/store\/wp-json\/wp\/v2\/product\/8717","targetHints":{"allow":["GET"]}}],"collection":[{"href":"https:\/\/www.kufsteinermusikhaus.com\/store\/wp-json\/wp\/v2\/product"}],"about":[{"href":"https:\/\/www.kufsteinermusikhaus.com\/store\/wp-json\/wp\/v2\/types\/product"}],"wp:featuredmedia":[{"embeddable":true,"href":"https:\/\/www.kufsteinermusikhaus.com\/store\/wp-json\/wp\/v2\/media\/8719"}],"wp:attachment":[{"href":"https:\/\/www.kufsteinermusikhaus.com\/store\/wp-json\/wp\/v2\/media?parent=8717"}],"wp:term":[{"taxonomy":"product_brand","embeddable":true,"href":"https:\/\/www.kufsteinermusikhaus.com\/store\/wp-json\/wp\/v2\/product_brand?post=8717"},{"taxonomy":"product_cat","embeddable":true,"href":"https:\/\/www.kufsteinermusikhaus.com\/store\/wp-json\/wp\/v2\/product_cat?post=8717"},{"taxonomy":"product_tag","embeddable":true,"href":"https:\/\/www.kufsteinermusikhaus.com\/store\/wp-json\/wp\/v2\/product_tag?post=8717"}],"curies":[{"name":"wp","href":"https:\/\/api.w.org\/{rel}","templated":true}]}}